hen k(-5) is divided by a?
5
Let b(z) = 3*z - 3. Let m be b(-2). Calculate the remainder when (-102)/(-4)*(-6)/m is divided by 5.
2
Suppose 10*s - 119 = 281. Calculate the remainder when s is divided by 21.
19
Suppose -4*o = -9*o + 105. Calculate the remainder when o is divided by 5.
1
Let v(s) = -2*s**2 - 2*s + 2 - s**2 + 4*s + s**3. Calculate the remainder when 23 is divided by v(3).
7
Let w(y) = 14*y**2 - 3*y + 2. Calculate the remainder when 23 is divided by w(1).
10
Let u = 0 + 5. Let n(a) = -a**2 - 9*a + 2. Let i be n(-7). Suppose -h + i = 2. Calculate the remainder when h is divided by u.
4
Let w = 21 - 13. What is the remainder when 15 is divided by w?
7
Let h = -20 + -65. Let a be 2/3 + h/(-3). Let x = a - -12. What is the remainder when x is divided by 14?
13
Suppose -3*l - i = -74, 5*l = -2*i + 41 + 83. Suppose -w = 5*g - 67, 2*g + 192 = 4*w + 3*g. What is the remainder when w is divided by l?
23
Calculate the remainder when 2/(-5) + (-1672)/(-55) is divided by 19.
11
Let q = 2 - -17. Let k(d) = -d**3 - d + 7. Let s be ((-2)/(-4)*0)/(-1). What is the remainder when q is divided by k(s)?
5
Suppose 5*j - 558 = 122. Calculate the remainder when j is divided by 28.
24
Let c = 5 - 2. Suppose c*f = 8*f - 40. Calculate the remainder when f is divided by 5.
3
Let z be (4 + -3)/(2/10). Suppose k - 36 = -3*k + 4*i, 5*k + z*i - 35 = 0. Calculate the remainder when 23 is divided by k.
7
Let n(y) be the second derivative of y**4/12 - 2*y**3/3 - 3*y**2/2 - y. Let i be n(5). What is the remainder when 18 is divided by i/6 - (-58)/6?
8
Let r(w) = 12*w. Let j be r(2). Let l = j - 15. What is the remainder when 26 is divided by l?
8
Let k(w) = -w + 10. Let j be k(7). Suppose -2*o - 3*f + 27 = 0, -2*o - 4*f + 27 = 1. Calculate the remainder when (-1 - (-1 - 41)) + j is divided by o.
14
Let b = -12 - -27. Calculate the remainder when 27 is divided by b.
12
Let f be ((0 - -1)/(-1))/(-1). Let g(q) be the second derivative of 29*q**3/3 + q. What is the remainder when g(f) is divided by 15?
13
Let j(c) = -2*c - 6. Let f be j(-4). Suppose -1 = -f*r + 11. Suppose -2*l + 4*l = r. What is the remainder when 4 is divided by l?
1
Let b be -1*3/(-6)*4. Suppose 3 = -b*d + 5*u - 10, u = 3*d - 13. What is the remainder when 9 is divided by d?
3
Suppose 0 = 8*y - 3*y - 235. Calculate the remainder when y is divided by 12.
11
Let b(s) = 4*s**2 - s - 10. What is the remainder when b(-4) is divided by 15?
13
Calculate the remainder when 8 is divided by 2/3*1/2*21.
1
Let n = 10 - -6. Calculate the remainder when 43 is divided by n.
11
Suppose -20 = 4*l, -4*o - o - l + 35 = 0. Suppose 3*h + 1 = -2. Calculate the remainder when -2 + (h - (-24 + -2)) is divided by o.
7
Suppose -3*k - 2*h = 4 + 4, 0 = k + 2*h + 4. Calculate the remainder when 19 is divided by 0 + -2 + 9 + k.
4
Let g = 8 + -3. Let l be (-1)/g - 32/(-10). Suppose 0 = z - 1 - l. Calculate the remainder when 7 is divided by z.
3
Calculate the remainder when 3 is divided by (9/(-18))/((-2)/12).
0
Suppose k - 2 = 3*k + 4*y, -k - 3*y - 4 = 0. Suppose k*h + 74 = 4*q, -2*h + 88 = 4*q - 0*h. Calculate the remainder when q is divided by 8.
5
Let t(x) = 3*x**2 + 3*x + 5. Calculate the remainder when 42 is divided by t(-2).
9
Let l = -37 + 54. What is the remainder when 31 is divided by l?
14
Suppose -9 = -5*o - 2*j + 16, -5*o - 4*j = -35. Suppose -100 = -o*y + y. Calculate the remainder when y is divided by 13.
11
Suppose 0 = k - 3, -3*k + 215 = 4*f - 2*k. Let j(o) = -o**3 + 4*o**2 + 4*o + 2. Calculate the remainder when f is divided by j(4).
17
Suppose 5*c + 3*a - 5*a - 49 = 0, -2*a = 5*c - 61. Let z(b) = 4*b. What is the remainder when z(5) is divided by c?
9
Let p = -30 - -167. Calculate the remainder when p is divided by 2 + -2 + -2 + 37.
32
Let g = 38 + -31. Let t(r) = r**2 - 43. Let z be t(0). Let d = 62 + z. Calculate the remainder when d is divided by g.
5
Let x = -4 + 31. What is the remainder when 106 is divided by x?
25
Let t(y) = 5*y**2 + 3*y - 4. Let j be (4 - 5)/(1/(-2)). Suppose 0 = -j*r - 3*w + 40, -5*r - w = w - 89. Calculate the remainder when t(-3) is divided by r.
15
Calculate the remainder when -4*(-52)/(-16)*-2 is divided by 16.
10
Suppose -3*d + 8 + 13 = 0. What is the remainder when 9 is divided by d?
2
Suppose 0*d + d = -6. Let u be d/4*112/(-21). Suppose 5*q - 98 - u = -4*j, 5 = -5*j. What is the remainder when q is divided by 12?
10
Suppose 10 = -j + 3*l, -2*l + 62 = -5*j + l. Let m = j + 35. Calculate the remainder when m is divided by 4/(2 + (-5)/3).
10
Let p = -3 - -5. Suppose p*z - 56 = z + 2*a, -3*a - 174 = -3*z. Calculate the remainder when 15 is divided by z/9 + 2/(-3).
3
Let a(r) be the third derivative of r**4/8 - r**3/3 - 3*r**2. What is the remainder when 64 is divided by a(8)?
20
Suppose 4*v = -8 + 24. Suppose 2*m = v*u - 208, -267 = -5*u - 3*m + 2*m. Let c(r) = r**3 + 8*r**2 - 2*r + 2. Calculate the remainder when u is divided by c(-8).
17
Suppose -5*s - 5*j = -185, -5*s + 165 = -3*j - 2*j. Calculate the remainder when 137 is divided by s.
32
Suppose 0*m - 16 = -m - 3*d, -5*d = -5*m + 80. Let x = 14 + 17. What is the remainder when x is divided by m?
15
Let p(f) = -f**3 + 12*f. Calculate the remainder when 62 is divided by p(-4).
14
Suppose 6 = 2*w + 4*h + h, 0 = h. Calculate the remainder when ((-48)/w)/(-2) + -3 is divided by 2.
1
What is the remainder when 37 is divided by 18/(-45) + (-201)/(-15)?
11
Suppose 3 = -5*l + 13. Suppose -2*j + v + 28 + 1 = 0, l*v + 28 = 2*j. Calculate the remainder when 58 is divided by j.
13
Suppose 2*a - 5*t - 32 = -2*a, -4*t = a - 8. Suppose 5*p - 3*x = 23, -p + 6 = -4*x + 2*x. Suppose p*n = 2*n + 46. What is the remainder when n is divided by a?
7
Let v(g) = 9*g + 1. Let j be (-4)/2 + -1 - -5. Calculate the remainder when 55 is divided by v(j).
17
Let u(y) = y**3 + 4. Calculate the remainder when 215 is divided by u(2).
11
Let j(y) = 2*y**3 + 3*y**2 - 2*y**2 - 2 - 2*y**2. Calculate the remainder when 28 is divided by j(2).
8
Suppose -5*v + 0 = -10. Suppose v*p - 9 = 23. Calculate the remainder when 30 is divided by p.
14
Let f(s) = -s + 17. Let q = 3 + -3. Calculate the remainder when f(q) is divided by 5.
2
Suppose 5*t - 32 = 2*a, -5*a + a + 40 = 3*t. What is the remainder when 22 is divided by t?
6
Let m(b) = 9*b**2 - 3*b + 1. Let z be m(2). Let x = z + -17. What is the remainder when x is divided by 5?
4
Suppose 0 = -5*v - 5. Let t(y) = y**3 - y - 1. Let a(q) = -5*q**3 + 6*q + 1. Let x(p) = v*a(p) - 3*t(p). Calculate the remainder when 34 is divided by x(2).
10
Suppose -9*q + 126 = -2*q. Let j(y) = -y**3 + 5*y**2 + 4*y + 6. Let l be j(6). Calculate the remainder when q is divided by l/15 + (-37)/(-5).
4
Suppose 14 + 10 = 3*d. What is the remainder when 39 is divided by d?
7
Suppose -9 = -5*x + 1. Let b be (-20)/(-6)*(-162)/(-5). Suppose 0*t + x*t - b = 0. What is the remainder when t is divided by 14?
12
Let p = 25 + -45. Let t = 27 + p. Let m(f) = -3*f**3 - f**2 - 1. What is the remainder when m(-2) is divided by t?
5
Let j be (4 - 1)/((-6)/(-4)). Suppose 5*l - 5 - 18 = -j*f, -3*l + 4*f - 7 = 0. Calculate the remainder when l is divided by 2.
1
Calculate the remainder when (1 - 2)/(7/(-126)) is divided by ((-10)/(-3))/((-1)/(-3)).
8
Let g be ((-3)/(-12)*-2)/((-1)/6). Let w = -21 + 29. Let x = g + w. What is the remainder when 21 is divided by x?
10
Let o(z) = -z**2 - 8*z - 9. Let a be o(-6). Suppose -35 = -4*u + a*f, u + 0*f - 2*f = 10. Calculate the remainder when u is divided by 5.
3
Let v(z) = -z**3 - 7*z**2 - 7*z + 5. Let k(p) = -p**2 + 6*p + 3. Let q be k(5). Suppose q = a + a. What is the remainder when v(-6) is divided by a?
3
Let p(v) = 8*v**2 - 7*v - 2. Calculate the remainder when p(2) is divided by 3.
1
Let r = 101 + -53. Calculate the remainder when r is divided by 13.
9
Suppose -459 = 2*v - 5*v. Calculate the remainder when v is divided by 52.
49
Let o be (3 + -6)*(-28)/(-3). What is the remainder when 0 - o - -1*2 is divided by 16?
14
Let o(z) = z**3 + 5*z**2 - z - 1. What is the remainder when 12 is divided by o(-5)?
0
Let d = -12 + 17. Let c(g) = g**3 - 6*g**2 + 6*g. Let f = 15 + -7. Calculate the remainder when f is divided by c(d).
3
Let a = 7 - -9. Calculate the remainder when ((-138)/(-18))/(2/12) is divided by a.
14
